{"id":799,"date":"2025-11-04T14:39:21","date_gmt":"2025-11-04T14:39:21","guid":{"rendered":"https:\/\/die-gartenschule.de\/blog\/?post_type=tribe_events&#038;p=799"},"modified":"2025-11-04T14:39:21","modified_gmt":"2025-11-04T14:39:21","slug":"gehoelze-fuer-hecken-und-formale-gaerten","status":"publish","type":"tribe_events","link":"https:\/\/die-gartenschule.de\/blog\/?tribe_events=gehoelze-fuer-hecken-und-formale-gaerten","title":{"rendered":"Geh\u00f6lze f\u00fcr Hecken und formale G\u00e4rten"},"content":{"rendered":"<p>In diesem Seminar werden sommergr\u00fcne und immergr\u00fcne Geh\u00f6lze vorgestellt, die entweder<br \/>\nschnittvertr\u00e4glich sind oder von Natur aus z. B. schlank oder kugelig wachsen, sodass kaum Schnitt<br \/>\nn\u00f6tig ist. Dieses Pflanzensortiment findet auch in der formalen Gartengestaltung seine Verwendung.<br \/>\nInhalt<br \/>\n\u25a0 Verschiedene Heckensortimente<br \/>\n\u25a0 Ersatz f\u00fcr Buchsbaum<br \/>\n\u25a0 Immergr\u00fcne und laubabwerfende Formschnittgeh\u00f6lze<br \/>\n\u25a0 Kugelig wachsende Geh\u00f6lze<br \/>\n\u25a0 Schnitt: Wie oft? Wann? H\u00f6he? Breite? Verj\u00fcngung m\u00f6glich?<br \/>\n\u25a0 Praxis und \u00dcbungen: Beurteilung von Hecken und Formgeh\u00f6lzen in der Gestaltung und deren<br \/>\nPflegezustand in G\u00e4rten<\/p>\n","protected":false},"excerpt":{"rendered":"<p>In diesem Seminar werden sommergr\u00fcne und immergr\u00fcne Geh\u00f6lze vorgestellt, die entweder schnittvertr\u00e4glich sind oder von Natur aus z. B. schlank oder kugelig wachsen, sodass kaum Schnitt n\u00f6tig ist. Dieses Pflanzensortiment &hellip; <\/p>\n<p class=\"link-more\"><a href=\"https:\/\/die-gartenschule.de\/blog\/?tribe_events=gehoelze-fuer-hecken-und-formale-gaerten\" class=\"more-link\"><span class=\"screen-reader-text\">\u201eGeh\u00f6lze f\u00fcr Hecken und formale G\u00e4rten\u201c<\/span> weiterlesen<\/a><\/p>\n","protected":false},"author":1,"featured_media":800,"template":"","meta":{"_price":"","_stock":"","_tribe_ticket_header":"","_tribe_default_ticket_provider":"","_tribe_ticket_capacity":"0","_ticket_start_date":"","_ticket_end_date":"","_tribe_ticket_show_description":"","_tribe_ticket_show_not_going":false,"_tribe_ticket_use_global_stock":"","_tribe_ticket_global_stock_level":"","_global_stock_mode":"","_global_stock_cap":"","_tribe_rsvp_for_event":"","_tribe_ticket_going_count":"","_tribe_ticket_not_going_count":"","_tribe_tickets_list":"[]","_tribe_ticket_has_attendee_info_fields":false,"_tribe_events_status":"","_tribe_events_status_reason":"","footnotes":"","_tec_slr_enabled":"","_tec_slr_layout":""},"tags":[],"tribe_events_cat":[],"class_list":["post-799","tribe_events","type-tribe_events","status-publish","has-post-thumbnail","hentry"],"ticketed":false,"_links":{"self":[{"href":"https:\/\/die-gartenschule.de\/blog\/index.php?rest_route=\/wp\/v2\/tribe_events\/799","targetHints":{"allow":["GET"]}}],"collection":[{"href":"https:\/\/die-gartenschule.de\/blog\/index.php?rest_route=\/wp\/v2\/tribe_events"}],"about":[{"href":"https:\/\/die-gartenschule.de\/blog\/index.php?rest_route=\/wp\/v2\/types\/tribe_events"}],"author":[{"embeddable":true,"href":"https:\/\/die-gartenschule.de\/blog\/index.php?rest_route=\/wp\/v2\/users\/1"}],"version-history":[{"count":1,"href":"https:\/\/die-gartenschule.de\/blog\/index.php?rest_route=\/wp\/v2\/tribe_events\/799\/revisions"}],"predecessor-version":[{"id":801,"href":"https:\/\/die-gartenschule.de\/blog\/index.php?rest_route=\/wp\/v2\/tribe_events\/799\/revisions\/801"}],"wp:featuredmedia":[{"embeddable":true,"href":"https:\/\/die-gartenschule.de\/blog\/index.php?rest_route=\/wp\/v2\/media\/800"}],"wp:attachment":[{"href":"https:\/\/die-gartenschule.de\/blog\/index.php?rest_route=%2Fwp%2Fv2%2Fmedia&parent=799"}],"wp:term":[{"taxonomy":"post_tag","embeddable":true,"href":"https:\/\/die-gartenschule.de\/blog\/index.php?rest_route=%2Fwp%2Fv2%2Ftags&post=799"},{"taxonomy":"tribe_events_cat","embeddable":true,"href":"https:\/\/die-gartenschule.de\/blog\/index.php?rest_route=%2Fwp%2Fv2%2Ftribe_events_cat&post=799"}],"curies":[{"name":"wp","href":"https:\/\/api.w.org\/{rel}","templated":true}]}}

Gehölze für Hecken und formale Gärten

<p>In diesem Seminar werden sommergrüne und immergrüne Gehölze vorgestellt, die entweder<br />
schnittverträglich sind oder von Natur aus z. B. schlank oder kugelig wachsen, sodass kaum Schnitt<br />
nötig ist. Dieses Pflanzensortiment findet auch in der formalen Gartengestaltung seine Verwendung.<br />
Inhalt<br />
■ Verschiedene Heckensortimente<br />
■ Ersatz für Buchsbaum<br />
■ Immergrüne und laubabwerfende Formschnittgehölze<br />
■ Kugelig wachsende Gehölze<br />
■ Schnitt: Wie oft? Wann? Höhe? Breite? Verjüngung möglich?<br />
■ Praxis und Übungen: Beurteilung von Hecken und Formgehölzen in der Gestaltung und deren<br />
Pflegezustand in Gärten</p>

<p>In diesem Seminar werden sommergrüne und immergrüne Gehölze vorgestellt, die entweder schnittverträglich sind oder von Natur aus z. B. schlank oder kugelig wachsen, sodass kaum Schnitt nötig ist. Dieses Pflanzensortiment &hellip; </p>
<p class="link-more"><a href="https://die-gartenschule.de/blog/?tribe_events=gehoelze-fuer-hecken-und-formale-gaerten" class="more-link"><span class="screen-reader-text">„Gehölze für Hecken und formale Gärten“</span> weiterlesen</a></p>
