{"id":805,"date":"2025-11-04T14:45:16","date_gmt":"2025-11-04T14:45:16","guid":{"rendered":"https:\/\/die-gartenschule.de\/blog\/?post_type=tribe_events&#038;p=805"},"modified":"2025-11-04T14:45:16","modified_gmt":"2025-11-04T14:45:16","slug":"gehoelzschnitt-im-oeffentlichen-und-privaten-gruen-3","status":"publish","type":"tribe_events","link":"https:\/\/die-gartenschule.de\/blog\/?tribe_events=gehoelzschnitt-im-oeffentlichen-und-privaten-gruen-3","title":{"rendered":"Geh\u00f6lzschnitt im \u00f6ffentlichen und privaten Gr\u00fcn"},"content":{"rendered":"<p>Durch gezielte Schnittma\u00dfnahmen an Zier- und Wildgeh\u00f6lzen wird die nat\u00fcrliche Sch\u00f6nheit<br \/>\nerhalten und die Gesundheit und Bl\u00fcte gef\u00f6rdert. Statt der vermeintlich schnelleren<br \/>\nEinheitsschnitte wird durch selektive Schneidearbeiten der Pflegeaufwand deutlich reduziert. Mit<br \/>\nder Auswahl an klein bleibenden Standardziergeh\u00f6lzen k\u00f6nnen auch kleinste Beet- und<br \/>\nGartensituationen mit wenig Aufwand \u00fcber Jahrzehnte Freude bereiten. Und damit die<br \/>\nHeckenschere auch weiter im Einsatz bleibt, wird der Hecken- und Formschnitt auch ein Teil des<br \/>\nSeminars sein.<br \/>\nInhalt<br \/>\n\u25a0 Theoretische Grundlagen des Geh\u00f6lzschnittes<br \/>\n\u25a0 Schnittfehler und Korrektur<br \/>\n\u25a0 Naturschutzrechtliche und verkehrssicherungspflichtige Aspekte<br \/>\n\u25a0 Material- und Werkzeugkunde<br \/>\n\u25a0 Vorstellung eines kleinw\u00fcchsigen Standardziergeh\u00f6lzsortiments<br \/>\n\u25a0 Praktische \u00dcbungen<\/p>\n","protected":false},"excerpt":{"rendered":"<p>Durch gezielte Schnittma\u00dfnahmen an Zier- und Wildgeh\u00f6lzen wird die nat\u00fcrliche Sch\u00f6nheit erhalten und die Gesundheit und Bl\u00fcte gef\u00f6rdert. Statt der vermeintlich schnelleren Einheitsschnitte wird durch selektive Schneidearbeiten der Pflegeaufwand deutlich &hellip; <\/p>\n<p class=\"link-more\"><a href=\"https:\/\/die-gartenschule.de\/blog\/?tribe_events=gehoelzschnitt-im-oeffentlichen-und-privaten-gruen-3\" class=\"more-link\"><span class=\"screen-reader-text\">\u201eGeh\u00f6lzschnitt im \u00f6ffentlichen und privaten Gr\u00fcn\u201c<\/span> weiterlesen<\/a><\/p>\n","protected":false},"author":1,"featured_media":806,"template":"","meta":{"_price":"","_stock":"","_tribe_ticket_header":"","_tribe_default_ticket_provider":"","_tribe_ticket_capacity":"0","_ticket_start_date":"","_ticket_end_date":"","_tribe_ticket_show_description":"","_tribe_ticket_show_not_going":false,"_tribe_ticket_use_global_stock":"","_tribe_ticket_global_stock_level":"","_global_stock_mode":"","_global_stock_cap":"","_tribe_rsvp_for_event":"","_tribe_ticket_going_count":"","_tribe_ticket_not_going_count":"","_tribe_tickets_list":"[]","_tribe_ticket_has_attendee_info_fields":false,"_tribe_events_status":"","_tribe_events_status_reason":"","footnotes":"","_tec_slr_enabled":"","_tec_slr_layout":""},"tags":[],"tribe_events_cat":[],"class_list":["post-805","tribe_events","type-tribe_events","status-publish","has-post-thumbnail","hentry"],"ticketed":false,"_links":{"self":[{"href":"https:\/\/die-gartenschule.de\/blog\/index.php?rest_route=\/wp\/v2\/tribe_events\/805","targetHints":{"allow":["GET"]}}],"collection":[{"href":"https:\/\/die-gartenschule.de\/blog\/index.php?rest_route=\/wp\/v2\/tribe_events"}],"about":[{"href":"https:\/\/die-gartenschule.de\/blog\/index.php?rest_route=\/wp\/v2\/types\/tribe_events"}],"author":[{"embeddable":true,"href":"https:\/\/die-gartenschule.de\/blog\/index.php?rest_route=\/wp\/v2\/users\/1"}],"version-history":[{"count":1,"href":"https:\/\/die-gartenschule.de\/blog\/index.php?rest_route=\/wp\/v2\/tribe_events\/805\/revisions"}],"predecessor-version":[{"id":807,"href":"https:\/\/die-gartenschule.de\/blog\/index.php?rest_route=\/wp\/v2\/tribe_events\/805\/revisions\/807"}],"wp:featuredmedia":[{"embeddable":true,"href":"https:\/\/die-gartenschule.de\/blog\/index.php?rest_route=\/wp\/v2\/media\/806"}],"wp:attachment":[{"href":"https:\/\/die-gartenschule.de\/blog\/index.php?rest_route=%2Fwp%2Fv2%2Fmedia&parent=805"}],"wp:term":[{"taxonomy":"post_tag","embeddable":true,"href":"https:\/\/die-gartenschule.de\/blog\/index.php?rest_route=%2Fwp%2Fv2%2Ftags&post=805"},{"taxonomy":"tribe_events_cat","embeddable":true,"href":"https:\/\/die-gartenschule.de\/blog\/index.php?rest_route=%2Fwp%2Fv2%2Ftribe_events_cat&post=805"}],"curies":[{"name":"wp","href":"https:\/\/api.w.org\/{rel}","templated":true}]}}

Gehölzschnitt im öffentlichen und privaten Grün

<p>Durch gezielte Schnittmaßnahmen an Zier- und Wildgehölzen wird die natürliche Schönheit<br />
erhalten und die Gesundheit und Blüte gefördert. Statt der vermeintlich schnelleren<br />
Einheitsschnitte wird durch selektive Schneidearbeiten der Pflegeaufwand deutlich reduziert. Mit<br />
der Auswahl an klein bleibenden Standardziergehölzen können auch kleinste Beet- und<br />
Gartensituationen mit wenig Aufwand über Jahrzehnte Freude bereiten. Und damit die<br />
Heckenschere auch weiter im Einsatz bleibt, wird der Hecken- und Formschnitt auch ein Teil des<br />
Seminars sein.<br />
Inhalt<br />
■ Theoretische Grundlagen des Gehölzschnittes<br />
■ Schnittfehler und Korrektur<br />
■ Naturschutzrechtliche und verkehrssicherungspflichtige Aspekte<br />
■ Material- und Werkzeugkunde<br />
■ Vorstellung eines kleinwüchsigen Standardziergehölzsortiments<br />
■ Praktische Übungen</p>

<p>Durch gezielte Schnittmaßnahmen an Zier- und Wildgehölzen wird die natürliche Schönheit erhalten und die Gesundheit und Blüte gefördert. Statt der vermeintlich schnelleren Einheitsschnitte wird durch selektive Schneidearbeiten der Pflegeaufwand deutlich &hellip; </p>
<p class="link-more"><a href="https://die-gartenschule.de/blog/?tribe_events=gehoelzschnitt-im-oeffentlichen-und-privaten-gruen-3" class="more-link"><span class="screen-reader-text">„Gehölzschnitt im öffentlichen und privaten Grün“</span> weiterlesen</a></p>
